 -4*a + 24. What is the remainder when 41 is divided by a - 1 - (-11 - 0)?
13
Let r = 9 + -4. Suppose 4*p - 5*z = 8 + 30, r*z - 34 = -2*p. Calculate the remainder when p is divided by 7.
5
Let k(j) = j**2 - 5*j + 1. Let b be k(8). Let x = 15 - 1. Let m = b - x. Calculate the remainder when 32 is divided by m.
10
Let y(s) = s - 5. Let r be y(7). Suppose -r*m + 2*k + 30 = 0, -2*k + 5*k - 30 = -2*m. What is the remainder when 58 is divided by m?
13
Let b(j) = -2*j**2 + 31*j + 17. Calculate the remainder when b(15) is divided by 13.
6
Suppose -3*n = 2*n - 45. Let h(d) = -d + 11. What is the remainder when (-1*2)/(4/(-8)) is divided by h(n)?
0
Suppose -i + 4 = -24. Suppose -5*f = -g + 25, g - 5*f + 20 = 3*g. Calculate the remainder when i is divided by g.
13
What is the remainder when (-234)/(-4)*(-12)/(-18) is divided by 5?
4
Let a(p) = -p. Suppose 4*r - 2*x = 74, 1 - 12 = -r - 2*x. What is the remainder when r is divided by a(-6)?
5
Suppose 4*y + 78 = 7*y. Suppose -412 = -4*t - v, 5*v - 2*v + 498 = 5*t. Calculate the remainder when t is divided by y.
24
Let l(b) = 7*b**2 - 2*b + 4. What is the remainder when 81 is divided by l(2)?
25
Let k(r) = r. Let z be k(5). Let a(d) = d**2 - 4*d - 2. Let o be a(z). Suppose -w = o*n - 54, 49 = w + 4*n - 4. Calculate the remainder when w is divided by 15.
12
What is the remainder when 22 is divided by 12 - (-2)/(-2) - -2?
9
Suppose t + 5*j - 5 = 0, -2*j = 3*t + j - 3. Suppose -p + 8 = -t*p. What is the remainder when 14 is divided by p?
6
Let u(q) = -q + 3. Let i be u(3). Suppose 3*z - 13 - 11 = i. What is the remainder when 22 is divided by z?
6
Let f(o) = -o**2 + 9*o - 3. Let p = -11 + 14. Let t(g) = 14*g + 1. Calculate the remainder when t(p) is divided by f(6).
13
Let j(n) = -n**2 - 4*n + 5. Let x = 0 - 4. Calculate the remainder when j(x) is divided by 3.
2
Let v = -91 + 152. Let j be 3*-3 + 1 - -2. Let b = 15 - j. What is the remainder when v is divided by b?
19
Let c(j) = j**3 + 13*j**2 + 8*j + 17. What is the remainder when c(-12) is divided by 33?
32
Let m = 0 + -1. Let o(p) = 5*p**2 + 1. Let r be o(m). Let z(q) = q**3 - 7*q**2 + 7*q - 3. Calculate the remainder when 8 is divided by z(r).
2
Suppose 2*g = -1 - 13. What is the remainder when (-49)/g*(2 + -1) is divided by 4?
3
Let z = -705 - -483. Calculate the remainder when 26 is divided by 4/(-10) + z/(-30).
5
Let i = 27 - 11. Calculate the remainder when 20/8 - (-106)/4 is divided by i.
13
Suppose 5*o + 8 = o, -558 = -5*y + 4*o. Suppose 5*u - 4*h = -4 + y, 4*u + h - 89 = 0. Calculate the remainder when u is divided by 8.
6
Suppose -3*g + 0*g = -2*y - 16, -5*y + 20 = 0. Let p(x) = -x**2 + 12*x - 8. Calculate the remainder when p(g) is divided by 13.
11
Let q(o) = o**2 - 3*o - 5. What is the remainder when q(13) is divided by 16?
13
What is the remainder when 84 is divided by (-43*1/1)/(-1)?
41
Let x = -103 + 152. What is the remainder when 94 is divided by x?
45
Let q = 0 + 3. Suppose 16 = q*b - 2*b. Suppose 2*l = -0*l + b. Calculate the remainder when 23 is divided by l.
7
Let c(b) = -2*b**2 - 6*b. Let g be c(-4). Let k be 336/(-18) - (-4)/6. Let u = g - k. What is the remainder when 28 is divided by u?
8
Suppose -5*p = -3 - 42. Let x = 11 + -3. What is the remainder when p is divided by (6/4)/(4/x)?
0
Calculate the remainder when ((-456)/(-18))/((-4)/(-6)) is divided by 10.
8
Let p = -85 + 95. What is the remainder when 59 is divided by p?
9
Suppose 0 = -3*w - 3*v + 42, -4*w + 36 = -5*v - 2. Calculate the remainder when 58 is divided by w.
10
Let c = 15 - 5. Let t = c - -6. Calculate the remainder when 46 is divided by t.
14
Let i(s) = -4*s + 35. Let r(o) = 4*o + 2. Let q(v) = v**2 - 6*v + 4. Let l be q(6). What is the remainder when i(0) is divided by r(l)?
17
Let k(g) = -g + 21. What is the remainder when 15 is divided by k(13)?
7
Suppose r = -2*r + 180. Suppose 4*o - r = -0*o. Let k(p) = -p**3 + 7*p**2 + 4*p - 2. Calculate the remainder when k(6) is divided by o.
13
Suppose -3*l + 84 = -0*m + 3*m, -2*m + 56 = -3*l. Let g(t) = t - 8. Let s be g(6). What is the remainder when m is divided by ((-2)/4)/(s/60)?
13
Let w = -13 - -10. Suppose 19 + 22 = 5*i - 2*y, -i - 8 = 5*y. Calculate the remainder when 20*((-6)/w - 1) is divided by i.
6
Let b = -480 - -487. Let d be (0/1)/(-2) + 2. Suppose 4 = d*x - 2. What is the remainder when b is divided by x?
1
Let t be 0/1 + 10 + 98. Suppose 3*f = -f + t. What is the remainder when f is divided by 14?
13
Suppose 4*k = -2*o + 36, -3*k + 13 = -o - o. Let t(s) = s**2 - 4*s - 5. What is the remainder when 47 is divided by t(k)?
15
Suppose -5*x = 52 - 177. What is the remainder when 71 is divided by x?
21
Suppose h - 76 = -3*h - 4*r, -2*r = -8. Calculate the remainder when 42 is divided by h.
12
Suppose -12*j + 8*j = -708. What is the remainder when j is divided by 45?
42
Suppose -b + 2*m + 7 = -0, -4*b = 4*m - 16. Suppose -4*h - 10 = -3*r + 32, 0 = -b*h. Let x(q) = -5*q - 3. Calculate the remainder when x(-6) is divided by r.
13
Let u = 4 + -1. Suppose -7*c + 2*y + 22 = -u*c, -2*c + 4*y + 8 = 0. Suppose -5*s + 6*s = c. Calculate the remainder when 10 is divided by s.
4
Suppose 0*h = -4*h. Suppose h = -2*y + 9 + 3. What is the remainder when 11 is divided by y?
5
Suppose -2*l = -10, t + 0*l + 2*l - 39 = 0. Let a = t + -16. Let d = 19 + 18. What is the remainder when d is divided by a?
11
Suppose -s - 28 = -2*s + a, -5*s - 2*a + 161 = 0. Let h = 157 + -66. What is the remainder when h is divided by s?
29
Suppose v - 2 = -v - 3*k, 0 = v + 5*k + 13. Suppose 5*s - 132 = -47. Calculate the remainder when 2 + 0 + (s - -1) is divided by v.
6
Let r = -59 - -60. Let c(l) = -l**2 - 5*l + 8. Calculate the remainder when c(-6) is divided by r.
0
Let t = -14 + 9. What is the remainder when ((-6)/t)/(4/20) is divided by 4?
2
Suppose -8*l + 986 + 1126 = 0. Calculate the remainder when l is divided by 53.
52
Suppose 1 = 5*i - 14. Calculate the remainder when 18 + (-2 - 0/1) is divided by 57/9 - i/9.
4
Suppose -5*i + 25 = -3*a, 9 = 4*a + 2*i - 1. Calculate the remainder when 9 is divided by a - 1/(2/(-10)).
4
Let j = 65 - -9. Calculate the remainder when j is divided by 20.
14
What is the remainder when 164 is divided by 59 - (8/(2 + 0) + 0)?
54
Suppose 6*a + 3 - 27 = 0. Suppose 0 = -4*t - 0*u - 2*u + 16, 3*u + 36 = 4*t. What is the remainder when t is divided by a?
2
Let t(n) = -n**3 - 1. Let o be t(-1). Suppose o*c = c - 20. Calculate the remainder when 3/((-2)/76*-3) is divided by c.
18
Let k(t) = t**2 + 5*t + 3. Let c be k(-5). What is the remainder when 41 is divided by (c/9)/(1/33)?
8
Let s(z) = 9*z - 26. Calculate the remainder when 33 is divided by s(4).
3
Let l = 51 + -32. What is the remainder when 55 is divided by l?
17
Let c = 70 + -63. Let b(n) = 5*n + 8. Let o be b(-6). Calculate the remainder when (2 + o/6)*-12 is divided by c.
6
Let j(i) = i**3 + 8*i**2 - 5*i - 3. What is the remainder when j(-7) is divided by 21?
18
Let c(g) = 2*g + 4. Calculate the remainder when -4*3*-2 + -2 is divided by c(4).
10
Let y = -4 - -14. Let z be -1 - 339/(1*-3). Suppose -5*s + z = -s. Calculate the remainder when s is divided by y.
8
Let y be (-12)/(-8)*(-4)/(-3). Let g be 1/((-1)/y) - -8. What is the remainder when 30 is divided by 58/4 - (-9)/g?
14
Let c = -66 + 72. What is the remainder when 8 is divided by c?
2
Suppose 74 = n + 2*h - h, 0 = 3*n - 2*h - 217. Calculate the remainder when n is divided by 19.
16
Suppose -3*m = 2*m - 80. Calculate the remainder when 44 is divided by m.
12
Let b(n) = 2*n - 1. Let i be b(3). Suppose -i = -3*k + 1. Let y = 7 - 4. Calculate the remainder when y is divided by k.
1
Let a = 30 + -19. Let t be 10/55 + 2/(-11). Suppose t = -0*p - 2*p + 5*u + 33, 3*p = 4*u + 32. Calculate the remainder when a is divided by p.
3
Let n = 22 + -32. Let z be (-1 + -1)/(5/n). Let f = -1 + z. Calculate the remainder when 4 is divided by f.
1
Suppose 0 = 2*m - 4 - 6. Let w be (m/(-4))/(2/(-48)). Suppose -w = -p - 4. What is the remainder when p is divided by 14?
12
Let x(o) = o**2 - 9*o + 17. Let n be x(7). Suppose -n*g - 4*s + 78 = -s, -4*g = -s - 129. What is the remainder when 60 is divided by g?
29
Suppose -7*q = -2*q - 2*s - 156, 0 = -4*s - 12. Calculate the remainder when 116 is divided by q.
26
Let z(x) = x